 -11312211012?
-11312211013
In base 10, what is -342 + -82373?
-82715
In base 11, what is -1112316a + 1?
-11123169
In base 16, what is d4381 + -1e5?
d419c
In base 7, what is -11363102 + 20?
-11363052
In base 5, what is -21321341 - 22?
-21321413
In base 7, what is -66513635 - -4?
-66513631
In base 14, what is -6920 + d9a?
-5964
In base 6, what is 1233 + -5153151?
-5151514
In base 2, what is -1101100 + 1010001000101111?
1010000111000011
In base 9, what is 13 - 33208313?
-33208300
In base 7, what is -640 - 55546?
-56516
In base 10, what is 1257 + -12130?
-10873
In base 8, what is -174011 - -3630?
-170161
In base 11, what is -18 + -1433391?
-14333a9
In base 9, what is -4444556 + 120?
-4444436
In base 12, what is 4873 + -223?
4650
In base 13, what is ca - 3b504?
-3b407
In base 15, what is 733 + -800d?
-77ca
In base 14, what is 4425 + -349?
40ba
In base 11, what is 271 - 438036?
-437875
In base 4, what is 200 + -33223101013?
-33223100213
In base 8, what is -254054173 - 10?
-254054203
In base 16, what is -14caa + c1?
-14be9
In base 15, what is 0 - -627095?
627095
In base 11, what is 6 - 29a723?
-29a718
In base 7, what is 16242663 + 10?
16243003
In base 4, what is -121213231 - -221?
-121213010
In base 12, what is -61547 + 4?
-61543
In base 8, what is 354 - 3036405?
-3036031
In base 14, what is 2 + -2213d5?
-2213d3
In base 3, what is -10 - 22122002020220011?
-22122002020220021
In base 2, what is 10101100000 - -100000010111001101?
100000101100101101
In base 2, what is -1 - -101110101011011101111?
101110101011011101110
In base 15, what is -ae469 + 18?
-ae451
In base 13, what is 32787 - -256c?
35026
In base 4, what is 1320301033202 - -103?
1320301033311
In base 9, what is 11600532 - 42?
11600480
In base 10, what is 297 + -17856?
-17559
In base 10, what is 154704 + -794?
153910
In base 14, what is 5c104d - 0?
5c104d
In base 4, what is -1212231111013 - 10?
-1212231111023
In base 16, what is -2ab + -2bff?
-2eaa
In base 3, what is 1102210202 + 10102?
1102221011
In base 5, what is 1413 - -21010143?
21012111
In base 5, what is 0 + -1104230403?
-1104230403
In base 5, what is -110 + -20324431?
-20330041
In base 13, what is -3b5 - -10690?
102a8
In base 16, what is 3 - 26885a?
-268857
In base 13, what is -5 + 1228188?
1228183
In base 7, what is 126104063 + -43?
126104020
In base 8, what is -21 - -3036643?
3036622
In base 3, what is 210202211012 + 0?
210202211012
In base 15, what is e8784 + 6d?
e8802
In base 13, what is 608 + 23?
62b
In base 16, what is -2fffb73 + 1e?
-2fffb55
In base 15, what is -bb4 + 78?
-b3b
In base 14, what is -20c6 + 463b?
2555
In base 7, what is 233536 + 114?
233653
In base 8, what is 377 - 1715353?
-1714754
In base 15, what is 3 + 2166dbc?
2166dc0
In base 15, what is -5455a - -58?
-54502
In base 6, what is -120 - 24531201?
-24531321
In base 9, what is -2 + 634514140?
634514137
In base 15, what is 420a617c + -5?
420a6177
In base 14, what is -15a62a + -c0?
-15a70a
In base 9, what is 3116535 + 478?
3117124
In base 15, what is 11 - 62?
-51
In base 12, what is -4158 + 1848?
-2510
In base 13, what is -2ab6 + -c7?
-2bb0
In base 3, what is -22100101100011 + 1?
-22100101100010
In base 6, what is -2350413 - -23152?
-2323221
In base 9, what is 2 - -214653557?
214653560
In base 15, what is 4 - -11a5ea9?
11a5ead
In base 3, what is 211 - 122121121200?
-122121120212
In base 8, what is -125220572 + 1?
-125220571
In base 4, what is 3 + -1322320322311?
-1322320322302
In base 11, what is -2 - -317184?
317182
In base 3, what is -10 - -1212122101122?
1212122101112
In base 3, what is 12 + -102000211110021?
-102000211110002
In base 6, what is 5340504 - 2333?
5334131
In base 13, what is -119 + -128c1b1?
-128c2ca
In base 10, what is 2291 + -125316?
-123025
In base 2, what is -1000000111110001110101001100 + -1?
-1000000111110001110101001101
In base 16, what is 9 + -9d79c?
-9d793
In base 8, what is -1663631 + -102?
-1663733
In base 11, what is -38 + 7a09?
7981
In base 13, what is -42962398 - 3?
-4296239b
In base 9, what is 155717 + 14160?
170877
In base 11, what is 0 + -69033285?
-69033285
In base 14, what is cd8348 + -16?
cd8332
In base 9, what is 1473778 + 250?
1474138
In base 9, what is 2126 + 35654?
37781
In base 10, what is 81 - 116663?
-116582
In base 9, what is -1286 - -48703?
47406
In base 10, what is 7 - 4465748?
-4465741
In base 14, what is 24a1 - -99?
255a
In base 9, what is 5 - -1687357?
1687363
In base 13, what is -b2c - 25493?
-262c2
In base 5, what is -10043200302 + 3?
-10043200244
In base 4, what is -2 + -11330220320?
-11330220322
In base 13, what is c - -6c747?
6c756
In base 13, what is 49 - a253a?
-a24c1
In base 3, what is 12020202212 - -1012121?
12021222110
In base 8, what is -144 - 2360652?
-2361016
In base 9, what is 3864 - -54634?
58608
In base 14, what is db0d + 2942?
12651
In base 16, what is 0 - -38edb7?
38edb7
In base 6, what is -13200 + -1023414?
-1041014
In base 16, what is 309d0b + -17?
309cf4
In base 12, what is 19b38 - b82?
18b76
In base 5, what is -413232 - 23123?
-441410
In base 6, what is -5 - -1450200102?
1450200053
In base 9, what is -3265658 - 4?
-3265663
In base 9, what is 714025 + 560?
714585
In base 16, what is -e - 6d136b?
-6d1379
In base 7, what is -1101640236 - 2?
-1101640241
In base 15, what is 1c03 + -921?
12d2
In base 8, what is -3 - 60756?
-60761
In base 3, what is -220011111201012021 - -1?
-220011111201012020
In base 8, what is -2202213545 + -2?
-2202213547
In base 2, what is 1 - -100111111110101111101100?
100111111110101111101101
In base 8, what is 2 + 71651446?
71651450
In base 7, what is 3414 + 13331?
20045
In base 5, what is 33130021020 - -4?
33130021024
In base 15, what is -5dd + 141dc?
13aee
In base 6, what is -51434 - -30422?
-21012
In base 16, what is -167299 + -382?
-16761b
In base 2, what is 10001 + 100000111000110101110?
100000111000110111111
In base 4, what is -10 + -331211230?
-331211300
In base 10, what is 6247 - 29889?
-23642
In base 16, what is -2 + -3cce582?
-3cce584
In base 15, what is 388b + -1070?
281b
In base 8, what is -1416 + 470676?
467260
In base 3, what is 2112011021 - -11?
2112011102
In base 7, what is -1543503 - -31?
-1543442
In base 14, what is -9c26 - aaa?
-a8d2
In base 14, what is -1 + -9808c2?
-9808c3
In base 14, what is 2bdb13 + 4a?
2bdb5d
In base 12, what is 0 + -4317630?
-4317630
In base 4, what is -1122 + -1101033223?
-1101101011
In base 12, what is 8 - -1571bb?
157207
In base 13, what is b + -245737c5?
-245737b7
In base 12, what is -15528 + -332a?
-18856
In base 11, what is -174509 + -691?
-17509a
In base 6, what is -305103 - 102114?
-411221
In base 5, what is 24320431331 + -3?
24320431323
In base 5, what is 4 + -422324411?
-422324402
In base 5, what is -1201 + -22302303?
-22304004
In base 13, what is 20c7c - 3608?
1a674
In base 8, what is -7552471 - 0?
-7552471
In base 10, what is 4 - -50572645?
50572649
In base 7, what is -2266246334 - 6?
-2266246343
In base 8, what is -2 - 1040341132?
-1040341134
In base 13, what is 7 + 2aa4c9?
2aa503
In base 7, what is 40142131 - -35?
40142166
In base 16, what is 0 + 1084fa?
1084fa
In base 4, what is 0 + -1032310310?
-1032310310
In base 14, what is 51b3 - -43d9?
95ac
In base 3, what is 2212222100 + -1202020?
2211020010
In base 6, what is -1035200555 - -2?
-1035200553
In base 5, what is 3311230 - -31200?
3342430
In base 13, what is -1047cb8 - 1?
-1047cb9
In base 14, what is -9cb65b + -8?
-9cb665
In base 14, what is -2acb86d + 3?
-2acb86a
In base 14, what is 309 + -19059?
-18b50
In base 2, what is 10100 - 1101100111111001000?
-1101100111110110100
In base 2, what is -100111010010 + -110111111010100?
-111100110100110
In base 6, what is -43 + 51411413?
51411330
In base 13, what is -130b43 - -160?
-1309b3
In base 10, what is -173 - -558?
385
In base 8, what is -2253 + -404714?
-407167
In base 11, what is -22252 - -a73?
-2128a
In base 11, what is -5381408 - -7?
-5381401
In base 4, what is 20322 - -10321113?
11002101
In base 10, what is -1726283 + -1?
-1726284
In base 13, what is -787 + -25089?
-25843
In base 11, what is 1723 - 8312?
-669a
In base 10, what is -703558 - -9?
-703549
In base 16, what is 34c34 + 296?
34eca
In base 11, what is 1 - -78a833a2?
78a833a3
In base 4, what is -1123113323 + -230?
-1123120213
In base 10, what is -1004536 - 2?
-100